{"id":3422,"date":"2024-04-05T12:05:50","date_gmt":"2024-04-05T10:05:50","guid":{"rendered":"http:\/\/aegle-site-rh9\/index.php\/home\/"},"modified":"2026-04-03T15:05:29","modified_gmt":"2026-04-03T13:05:29","slug":"home","status":"publish","type":"page","link":"https:\/\/www.aegle.fr\/","title":{"rendered":"Accueil"},"content":{"rendered":"\t\t<div data-elementor-type=\"wp-page\" data-elementor-id=\"3422\" class=\"elementor elementor-3422\" data-elementor-post-type=\"page\">\n\t\t\t\t<div data-marvy_enable_drop_animation=\"false\" data-marvy_enable_fancy_rotate=\"false\" data-marvy_enable_flying_object=\"false\" data-marvy_enable_ripples_animation=\"false\" data-marvy_enable_waves_animation=\"false\" data-marvy_enable_rings_animation=\"false\" data-marvy_enable_topology_animation=\"false\" data-marvy_enable_gradient_animation=\"false\" data-marvy_enable_snow_animation=\"false\" data-marvy_enable_firework_animation=\"false\" data-marvy_enable_cloud_animation=\"false\" class=\"elementor-element elementor-element-511dedfc e-flex e-con-boxed e-con e-parent\" data-id=\"511dedfc\" data-element_type=\"container\" data-e-type=\"container\" data-settings=\"{&quot;background_background&quot;:&quot;classic&quot;}\">\n\t\t\t\t\t<div class=\"e-con-inner\">\n\t\t\t\t<div class=\"elementor-element elementor-element-744ddc7c elementor-widget elementor-widget-heading\" data-id=\"744ddc7c\" data-element_type=\"widget\" data-e-type=\"widget\" data-widget_type=\"heading.default\">\n\t\t\t\t<div class=\"elementor-widget-container\">\n\t\t\t\t\t<h6 class=\"elementor-heading-title elementor-size-default\">BIENVENUE<\/h6>\t\t\t\t<\/div>\n\t\t\t\t<\/div>\n\t\t\t\t<div class=\"elementor-element elementor-element-592b6334 elementor-widget__width-inherit elementor-widget elementor-widget-heading\" data-id=\"592b6334\" data-element_type=\"widget\" data-e-type=\"widget\" data-widget_type=\"heading.default\">\n\t\t\t\t<div class=\"elementor-widget-container\">\n\t\t\t\t\t<h1 class=\"elementor-heading-title elementor-size-default\">En 2026\n<br> 40 ans au service de l'informatique de sant\u00e9<\/br><\/h1>\t\t\t\t<\/div>\n\t\t\t\t<\/div>\n\t\t\t\t<div class=\"elementor-element elementor-element-42e2a7d8 elementor-widget elementor-widget-heading\" data-id=\"42e2a7d8\" data-element_type=\"widget\" data-e-type=\"widget\" data-widget_type=\"heading.default\">\n\t\t\t\t<div class=\"elementor-widget-container\">\n\t\t\t\t\t<h5 class=\"elementor-heading-title elementor-size-default\"><span>Expertise et r\u00e9activit\u00e9 au service d'une sant\u00e9 connect\u00e9e<\/span><\/h5>\t\t\t\t<\/div>\n\t\t\t\t<\/div>\n\t\t\t\t\t<\/div>\n\t\t\t\t<\/div>\n\t\t<div data-marvy_enable_drop_animation=\"false\" data-marvy_enable_fancy_rotate=\"false\" data-marvy_enable_flying_object=\"false\" data-marvy_enable_ripples_animation=\"false\" data-marvy_enable_waves_animation=\"false\" data-marvy_enable_rings_animation=\"false\" data-marvy_enable_topology_animation=\"false\" data-marvy_enable_gradient_animation=\"false\" data-marvy_enable_snow_animation=\"false\" data-marvy_enable_firework_animation=\"false\" data-marvy_enable_cloud_animation=\"false\" class=\"elementor-element elementor-element-307b3e9e e-flex e-con-boxed e-con e-parent\" data-id=\"307b3e9e\" data-element_type=\"container\" data-e-type=\"container\">\n\t\t\t\t\t<div class=\"e-con-inner\">\n\t\t<div data-marvy_enable_drop_animation=\"false\" data-marvy_enable_fancy_rotate=\"false\" data-marvy_enable_flying_object=\"false\" data-marvy_enable_ripples_animation=\"false\" data-marvy_enable_waves_animation=\"false\" data-marvy_enable_rings_animation=\"false\" data-marvy_enable_topology_animation=\"false\" data-marvy_enable_gradient_animation=\"false\" data-marvy_enable_snow_animation=\"false\" data-marvy_enable_firework_animation=\"false\" data-marvy_enable_cloud_animation=\"false\" class=\"elementor-element elementor-element-7b6ecedd e-con-full e-flex e-con e-child\" data-id=\"7b6ecedd\" data-element_type=\"container\" data-e-type=\"container\">\n\t\t\t\t<div class=\"elementor-element elementor-element-4bcd7c3c elementor-widget elementor-widget-heading\" data-id=\"4bcd7c3c\" data-element_type=\"widget\" data-e-type=\"widget\" data-widget_type=\"heading.default\">\n\t\t\t\t<div class=\"elementor-widget-container\">\n\t\t\t\t\t<h2 class=\"elementor-heading-title elementor-size-default\">Nos solutions<\/h2>\t\t\t\t<\/div>\n\t\t\t\t<\/div>\n\t\t<div data-marvy_enable_drop_animation=\"false\" data-marvy_enable_fancy_rotate=\"false\" data-marvy_enable_flying_object=\"false\" data-marvy_enable_ripples_animation=\"false\" data-marvy_enable_waves_animation=\"false\" data-marvy_enable_rings_animation=\"false\" data-marvy_enable_topology_animation=\"false\" data-marvy_enable_gradient_animation=\"false\" data-marvy_enable_snow_animation=\"false\" data-marvy_enable_firework_animation=\"false\" data-marvy_enable_cloud_animation=\"false\" class=\"elementor-element elementor-element-d4a579d e-flex e-con-boxed e-con e-child\" data-id=\"d4a579d\" data-element_type=\"container\" data-e-type=\"container\">\n\t\t\t\t\t<div class=\"e-con-inner\">\n\t\t<div data-marvy_enable_drop_animation=\"false\" data-marvy_enable_fancy_rotate=\"false\" data-marvy_enable_flying_object=\"false\" data-marvy_enable_ripples_animation=\"false\" data-marvy_enable_waves_animation=\"false\" data-marvy_enable_rings_animation=\"false\" data-marvy_enable_topology_animation=\"false\" data-marvy_enable_gradient_animation=\"false\" data-marvy_enable_snow_animation=\"false\" data-marvy_enable_firework_animation=\"false\" data-marvy_enable_cloud_animation=\"false\" class=\"elementor-element elementor-element-096d4e9 e-grid e-con-boxed e-con e-child\" data-id=\"096d4e9\" data-element_type=\"container\" data-e-type=\"container\">\n\t\t\t\t\t<div class=\"e-con-inner\">\n\t\t\t\t<div class=\"elementor-element elementor-element-34afc0e elementor-widget elementor-widget-heading\" data-id=\"34afc0e\" data-element_type=\"widget\" data-e-type=\"widget\" data-widget_type=\"heading.default\">\n\t\t\t\t<div class=\"elementor-widget-container\">\n\t\t\t\t\t<h2 class=\"elementor-heading-title elementor-size-default\">Gestion Hospitali\u00e8re<\/h2>\t\t\t\t<\/div>\n\t\t\t\t<\/div>\n\t\t\t\t<div class=\"elementor-element elementor-element-2389579 elementor-widget elementor-widget-heading\" data-id=\"2389579\" data-element_type=\"widget\" data-e-type=\"widget\" data-widget_type=\"heading.default\">\n\t\t\t\t<div class=\"elementor-widget-container\">\n\t\t\t\t\t<h2 class=\"elementor-heading-title elementor-size-default\">Mise en relation<\/h2>\t\t\t\t<\/div>\n\t\t\t\t<\/div>\n\t\t\t\t<div class=\"elementor-element elementor-element-d38f6b8 elementor-widget elementor-widget-heading\" data-id=\"d38f6b8\" data-element_type=\"widget\" data-e-type=\"widget\" data-widget_type=\"heading.default\">\n\t\t\t\t<div class=\"elementor-widget-container\">\n\t\t\t\t\t<h2 class=\"elementor-heading-title elementor-size-default\">Laboratoire d'analyses<\/h2>\t\t\t\t<\/div>\n\t\t\t\t<\/div>\n\t\t\t\t\t<\/div>\n\t\t\t\t<\/div>\n\t\t\t\t\t<\/div>\n\t\t\t\t<\/div>\n\t\t\t\t<\/div>\n\t\t<div data-marvy_enable_drop_animation=\"false\" data-marvy_enable_fancy_rotate=\"false\" data-marvy_enable_flying_object=\"false\" data-marvy_enable_ripples_animation=\"false\" data-marvy_enable_waves_animation=\"false\" data-marvy_enable_rings_animation=\"false\" data-marvy_enable_topology_animation=\"false\" data-marvy_enable_gradient_animation=\"false\" data-marvy_enable_snow_animation=\"false\" data-marvy_enable_firework_animation=\"false\" data-marvy_enable_cloud_animation=\"false\" class=\"elementor-element elementor-element-4e74cad8 e-con-full e-flex e-con e-child\" data-id=\"4e74cad8\" data-element_type=\"container\" data-e-type=\"container\">\n\t\t\t\t<div class=\"elementor-element elementor-element-6ac643b4 elementor-widget-tablet__width-initial elementor-widget-mobile__width-inherit elementor-widget__width-initial elementor-position-top elementor-widget elementor-widget-image-box\" data-id=\"6ac643b4\" data-element_type=\"widget\" data-e-type=\"widget\" data-widget_type=\"image-box.default\">\n\t\t\t\t<div class=\"elementor-widget-container\">\n\t\t\t\t\t<div class=\"elementor-image-box-wrapper\"><figure class=\"elementor-image-box-img\"><a href=\"https:\/\/www.aegle.fr\/?page_id=3411\" tabindex=\"-1\"><img fetchpriority=\"high\" decoding=\"async\" width=\"2048\" height=\"2048\" src=\"https:\/\/www.aegle.fr\/wp-content\/uploads\/2024\/02\/AdobeStock_659081829.jpeg\" class=\"elementor-animation-grow attachment-full size-full wp-image-2150\" alt=\"\" srcset=\"https:\/\/www.aegle.fr\/wp-content\/uploads\/2024\/02\/AdobeStock_659081829.jpeg 2048w, https:\/\/www.aegle.fr\/wp-content\/uploads\/2024\/02\/elementor\/thumbs\/AdobeStock_659081829-qm7hfvh71eifgkvds6vfdg4349y2hs4suvatk6cc6w.jpeg 300w, https:\/\/www.aegle.fr\/wp-content\/uploads\/2024\/02\/AdobeStock_659081829-1024x1024.jpeg 1024w, https:\/\/www.aegle.fr\/wp-content\/uploads\/2024\/02\/AdobeStock_659081829-150x150.jpeg 150w, https:\/\/www.aegle.fr\/wp-content\/uploads\/2024\/02\/AdobeStock_659081829-768x768.jpeg 768w, https:\/\/www.aegle.fr\/wp-content\/uploads\/2024\/02\/AdobeStock_659081829-1536x1536.jpeg 1536w, https:\/\/www.aegle.fr\/wp-content\/uploads\/2024\/02\/elementor\/thumbs\/AdobeStock_659081829-qm7hfvh4loxk8kjwyd535afd1lit69pd3a4h9ddw4o.jpeg 100w, https:\/\/www.aegle.fr\/wp-content\/uploads\/2024\/02\/elementor\/thumbs\/AdobeStock_659081829-qm7hfvh9h43aol6um0lrllst6ydbtak8mgh5uzas94.jpeg 500w\" sizes=\"(max-width: 2048px) 100vw, 2048px\" \/><\/a><\/figure><div class=\"elementor-image-box-content\"><h4 class=\"elementor-image-box-title\"><a href=\"https:\/\/www.aegle.fr\/?page_id=3411\">AMI (1990)<\/a><\/h4><p class=\"elementor-image-box-description\">Progiciel de gestion int\u00e9gr\u00e9 con\u00e7u pour le recueil de l\u2019information \u00e0 la source en temps r\u00e9el.\nSolution enti\u00e8rement personnalis\u00e9e\npour chaque \u00e9tablissement, facilitant ainsi une prise en main rapide.<\/p><\/div><\/div>\t\t\t\t<\/div>\n\t\t\t\t<\/div>\n\t\t\t\t<div class=\"elementor-element elementor-element-7536bf5d elementor-widget-tablet__width-initial elementor-widget-mobile__width-inherit elementor-widget__width-initial elementor-position-top elementor-widget elementor-widget-image-box\" data-id=\"7536bf5d\" data-element_type=\"widget\" data-e-type=\"widget\" data-widget_type=\"image-box.default\">\n\t\t\t\t<div class=\"elementor-widget-container\">\n\t\t\t\t\t<div class=\"elementor-image-box-wrapper\"><figure class=\"elementor-image-box-img\"><a href=\"https:\/\/www.aegle.fr\/?page_id=3411\" tabindex=\"-1\"><img decoding=\"async\" width=\"2560\" height=\"2560\" src=\"https:\/\/www.aegle.fr\/wp-content\/uploads\/2024\/02\/AdobeStock_671675950-scaled.jpeg\" class=\"elementor-animation-grow attachment-full size-full wp-image-2130\" alt=\"\" srcset=\"https:\/\/www.aegle.fr\/wp-content\/uploads\/2024\/02\/AdobeStock_671675950-scaled.jpeg 2560w, https:\/\/www.aegle.fr\/wp-content\/uploads\/2024\/02\/AdobeStock_671675950-300x300.jpeg 300w, https:\/\/www.aegle.fr\/wp-content\/uploads\/2024\/02\/AdobeStock_671675950-1024x1024.jpeg 1024w, https:\/\/www.aegle.fr\/wp-content\/uploads\/2024\/02\/AdobeStock_671675950-150x150.jpeg 150w, https:\/\/www.aegle.fr\/wp-content\/uploads\/2024\/02\/AdobeStock_671675950-768x768.jpeg 768w, https:\/\/www.aegle.fr\/wp-content\/uploads\/2024\/02\/AdobeStock_671675950-1536x1536.jpeg 1536w, https:\/\/www.aegle.fr\/wp-content\/uploads\/2024\/02\/AdobeStock_671675950-2048x2048.jpeg 2048w, https:\/\/www.aegle.fr\/wp-content\/uploads\/2024\/02\/elementor\/thumbs\/AdobeStock_671675950-scaled-qm7hfvh899av2l1473qlhiyg5m5p5jciqnvzpktk80.jpeg 400w\" sizes=\"(max-width: 2560px) 100vw, 2560px\" \/><\/a><\/figure><div class=\"elementor-image-box-content\"><h4 class=\"elementor-image-box-title\"><a href=\"https:\/\/www.aegle.fr\/?page_id=3411\">AmiCare (2011)<\/a><\/h4><p class=\"elementor-image-box-description\">Plateforme de services web et mobiles, favorisant les \u00e9changes d\u2019informations entre les diff\u00e9rents \u00e9tablissements, les professionnels de sant\u00e9 et les patients.<\/p><\/div><\/div>\t\t\t\t<\/div>\n\t\t\t\t<\/div>\n\t\t\t\t<div class=\"elementor-element elementor-element-70a3707b elementor-widget-tablet__width-initial elementor-widget-mobile__width-inherit elementor-widget__width-initial elementor-position-top elementor-widget elementor-widget-image-box\" data-id=\"70a3707b\" data-element_type=\"widget\" data-e-type=\"widget\" data-widget_type=\"image-box.default\">\n\t\t\t\t<div class=\"elementor-widget-container\">\n\t\t\t\t\t<div class=\"elementor-image-box-wrapper\"><figure class=\"elementor-image-box-img\"><a href=\"https:\/\/www.aegle.fr\/?page_id=3411\" tabindex=\"-1\"><img decoding=\"async\" width=\"2560\" height=\"2560\" src=\"https:\/\/www.aegle.fr\/wp-content\/uploads\/2024\/02\/AdobeStock_672736476-scaled.jpeg\" class=\"elementor-animation-grow attachment-full size-full wp-image-2126\" alt=\"\" srcset=\"https:\/\/www.aegle.fr\/wp-content\/uploads\/2024\/02\/AdobeStock_672736476-scaled.jpeg 2560w, https:\/\/www.aegle.fr\/wp-content\/uploads\/2024\/02\/AdobeStock_672736476-300x300.jpeg 300w, https:\/\/www.aegle.fr\/wp-content\/uploads\/2024\/02\/AdobeStock_672736476-1024x1024.jpeg 1024w, https:\/\/www.aegle.fr\/wp-content\/uploads\/2024\/02\/AdobeStock_672736476-150x150.jpeg 150w, https:\/\/www.aegle.fr\/wp-content\/uploads\/2024\/02\/AdobeStock_672736476-768x768.jpeg 768w, https:\/\/www.aegle.fr\/wp-content\/uploads\/2024\/02\/AdobeStock_672736476-1536x1536.jpeg 1536w, https:\/\/www.aegle.fr\/wp-content\/uploads\/2024\/02\/AdobeStock_672736476-2048x2048.jpeg 2048w\" sizes=\"(max-width: 2560px) 100vw, 2560px\" \/><\/a><\/figure><div class=\"elementor-image-box-content\"><h4 class=\"elementor-image-box-title\"><a href=\"https:\/\/www.aegle.fr\/?page_id=3411\">AmiLab (2015)<\/a><\/h4><p class=\"elementor-image-box-description\">Logiciel d\u00e9velopp\u00e9 pour les laboratoires de biologie m\u00e9dicale, visant \u00e0 am\u00e9liorer la gestion et le contr\u00f4le des donn\u00e9es qui sont tout \u00e0 fait indispensables pour garantir des analyses de qualit\u00e9.<\/p><\/div><\/div>\t\t\t\t<\/div>\n\t\t\t\t<\/div>\n\t\t\t\t<\/div>\n\t\t\t\t\t<\/div>\n\t\t\t\t<\/div>\n\t\t<div data-marvy_enable_drop_animation=\"false\" data-marvy_enable_fancy_rotate=\"false\" data-marvy_enable_flying_object=\"false\" data-marvy_enable_ripples_animation=\"false\" data-marvy_enable_waves_animation=\"false\" data-marvy_enable_rings_animation=\"false\" data-marvy_enable_topology_animation=\"false\" data-marvy_enable_gradient_animation=\"false\" data-marvy_enable_snow_animation=\"false\" data-marvy_enable_firework_animation=\"false\" data-marvy_enable_cloud_animation=\"false\" class=\"elementor-element elementor-element-14dbc900 e-flex e-con-boxed e-con e-parent\" data-id=\"14dbc900\" data-element_type=\"container\" data-e-type=\"container\" data-settings=\"{&quot;background_background&quot;:&quot;classic&quot;}\">\n\t\t\t\t\t<div class=\"e-con-inner\">\n\t\t<div data-marvy_enable_drop_animation=\"false\" data-marvy_enable_fancy_rotate=\"false\" data-marvy_enable_flying_object=\"false\" data-marvy_enable_ripples_animation=\"false\" data-marvy_enable_waves_animation=\"false\" data-marvy_enable_rings_animation=\"false\" data-marvy_enable_topology_animation=\"false\" data-marvy_enable_gradient_animation=\"false\" data-marvy_enable_snow_animation=\"false\" data-marvy_enable_firework_animation=\"false\" data-marvy_enable_cloud_animation=\"false\" class=\"elementor-element elementor-element-63c2f755 e-con-full e-flex e-con e-child\" data-id=\"63c2f755\" data-element_type=\"container\" data-e-type=\"container\">\n\t\t\t\t<div class=\"elementor-element elementor-element-f72286a elementor-widget elementor-widget-heading\" data-id=\"f72286a\" data-element_type=\"widget\" data-e-type=\"widget\" data-widget_type=\"heading.default\">\n\t\t\t\t<div class=\"elementor-widget-container\">\n\t\t\t\t\t<h2 class=\"elementor-heading-title elementor-size-default\">Le Sur-Mesure<\/h2>\t\t\t\t<\/div>\n\t\t\t\t<\/div>\n\t\t\t\t<\/div>\n\t\t<div data-marvy_enable_drop_animation=\"false\" data-marvy_enable_fancy_rotate=\"false\" data-marvy_enable_flying_object=\"false\" data-marvy_enable_ripples_animation=\"false\" data-marvy_enable_waves_animation=\"false\" data-marvy_enable_rings_animation=\"false\" data-marvy_enable_topology_animation=\"false\" data-marvy_enable_gradient_animation=\"false\" data-marvy_enable_snow_animation=\"false\" data-marvy_enable_firework_animation=\"false\" data-marvy_enable_cloud_animation=\"false\" class=\"elementor-element elementor-element-1f2a6b8f e-con-full e-flex e-con e-child\" data-id=\"1f2a6b8f\" data-element_type=\"container\" data-e-type=\"container\">\n\t\t\t\t<div class=\"elementor-element elementor-element-335d09ee elementor-widget-tablet__width-initial elementor-widget-mobile__width-inherit elementor-widget__width-initial elementor-position-top elementor-widget elementor-widget-image-box\" data-id=\"335d09ee\" data-element_type=\"widget\" data-e-type=\"widget\" data-widget_type=\"image-box.default\">\n\t\t\t\t<div class=\"elementor-widget-container\">\n\t\t\t\t\t<div class=\"elementor-image-box-wrapper\"><figure class=\"elementor-image-box-img\"><img loading=\"lazy\" decoding=\"async\" width=\"2560\" height=\"2560\" src=\"https:\/\/www.aegle.fr\/wp-content\/uploads\/2024\/04\/AdobeStock_684235154-scaled.jpeg\" class=\"attachment-full size-full wp-image-3870\" alt=\"\" srcset=\"https:\/\/www.aegle.fr\/wp-content\/uploads\/2024\/04\/AdobeStock_684235154-scaled.jpeg 2560w, https:\/\/www.aegle.fr\/wp-content\/uploads\/2024\/04\/AdobeStock_684235154-300x300.jpeg 300w, https:\/\/www.aegle.fr\/wp-content\/uploads\/2024\/04\/AdobeStock_684235154-1024x1024.jpeg 1024w, https:\/\/www.aegle.fr\/wp-content\/uploads\/2024\/04\/AdobeStock_684235154-150x150.jpeg 150w, https:\/\/www.aegle.fr\/wp-content\/uploads\/2024\/04\/AdobeStock_684235154-768x768.jpeg 768w, https:\/\/www.aegle.fr\/wp-content\/uploads\/2024\/04\/AdobeStock_684235154-1536x1536.jpeg 1536w, https:\/\/www.aegle.fr\/wp-content\/uploads\/2024\/04\/AdobeStock_684235154-2048x2048.jpeg 2048w\" sizes=\"(max-width: 2560px) 100vw, 2560px\" \/><\/figure><div class=\"elementor-image-box-content\"><h4 class=\"elementor-image-box-title\">\u00c9tude et r\u00e9alisation<\/h4><p class=\"elementor-image-box-description\">Nous croyons fermement que chaque projet de d\u00e9veloppement pour la sant\u00e9 m\u00e9rite une expertise technique irr\u00e9prochable. Notre \u00e9quipe d\u00e9vou\u00e9e combine exp\u00e9rience et innovation pour vous accompagner \u00e0 chaque \u00e9tape, de la conception \u00e0 la r\u00e9alisation.  <\/p><\/div><\/div>\t\t\t\t<\/div>\n\t\t\t\t<\/div>\n\t\t\t\t<div class=\"elementor-element elementor-element-50449c13 elementor-widget-tablet__width-initial elementor-widget-mobile__width-inherit elementor-widget__width-initial elementor-position-top elementor-widget elementor-widget-image-box\" data-id=\"50449c13\" data-element_type=\"widget\" data-e-type=\"widget\" data-widget_type=\"image-box.default\">\n\t\t\t\t<div class=\"elementor-widget-container\">\n\t\t\t\t\t<div class=\"elementor-image-box-wrapper\"><figure class=\"elementor-image-box-img\"><img loading=\"lazy\" decoding=\"async\" width=\"2048\" height=\"2048\" src=\"https:\/\/www.aegle.fr\/wp-content\/uploads\/2024\/04\/AdobeStock_780851147.jpeg\" class=\"attachment-full size-full wp-image-3861\" alt=\"\" srcset=\"https:\/\/www.aegle.fr\/wp-content\/uploads\/2024\/04\/AdobeStock_780851147.jpeg 2048w, https:\/\/www.aegle.fr\/wp-content\/uploads\/2024\/04\/AdobeStock_780851147-300x300.jpeg 300w, https:\/\/www.aegle.fr\/wp-content\/uploads\/2024\/04\/AdobeStock_780851147-1024x1024.jpeg 1024w, https:\/\/www.aegle.fr\/wp-content\/uploads\/2024\/04\/AdobeStock_780851147-150x150.jpeg 150w, https:\/\/www.aegle.fr\/wp-content\/uploads\/2024\/04\/AdobeStock_780851147-768x768.jpeg 768w, https:\/\/www.aegle.fr\/wp-content\/uploads\/2024\/04\/AdobeStock_780851147-1536x1536.jpeg 1536w\" sizes=\"(max-width: 2048px) 100vw, 2048px\" \/><\/figure><div class=\"elementor-image-box-content\"><h4 class=\"elementor-image-box-title\">Support<\/h4><p class=\"elementor-image-box-description\">Nous comprenons \u00e0 quel point un support technique fiable est essentiel pour maintenir vos op\u00e9rations en sant\u00e9. Notre \u00e9quipe exp\u00e9riment\u00e9e est l\u00e0 pour fournir une assistance technique de premier ordre, que ce soit pour l'installation, la maintenance ou la r\u00e9solution des probl\u00e8mes.<\/p><\/div><\/div>\t\t\t\t<\/div>\n\t\t\t\t<\/div>\n\t\t\t\t<div class=\"elementor-element elementor-element-4d4faf10 elementor-widget-tablet__width-initial elementor-widget-mobile__width-inherit elementor-widget__width-initial elementor-position-top elementor-widget elementor-widget-image-box\" data-id=\"4d4faf10\" data-element_type=\"widget\" data-e-type=\"widget\" data-widget_type=\"image-box.default\">\n\t\t\t\t<div class=\"elementor-widget-container\">\n\t\t\t\t\t<div class=\"elementor-image-box-wrapper\"><figure class=\"elementor-image-box-img\"><img loading=\"lazy\" decoding=\"async\" width=\"2560\" height=\"2560\" src=\"https:\/\/www.aegle.fr\/wp-content\/uploads\/2024\/04\/AdobeStock_682696026-scaled.jpeg\" class=\"attachment-full size-full wp-image-3863\" alt=\"\" srcset=\"https:\/\/www.aegle.fr\/wp-content\/uploads\/2024\/04\/AdobeStock_682696026-scaled.jpeg 2560w, https:\/\/www.aegle.fr\/wp-content\/uploads\/2024\/04\/AdobeStock_682696026-300x300.jpeg 300w, https:\/\/www.aegle.fr\/wp-content\/uploads\/2024\/04\/AdobeStock_682696026-1024x1024.jpeg 1024w, https:\/\/www.aegle.fr\/wp-content\/uploads\/2024\/04\/AdobeStock_682696026-150x150.jpeg 150w, https:\/\/www.aegle.fr\/wp-content\/uploads\/2024\/04\/AdobeStock_682696026-768x768.jpeg 768w, https:\/\/www.aegle.fr\/wp-content\/uploads\/2024\/04\/AdobeStock_682696026-1536x1536.jpeg 1536w, https:\/\/www.aegle.fr\/wp-content\/uploads\/2024\/04\/AdobeStock_682696026-2048x2048.jpeg 2048w\" sizes=\"(max-width: 2560px) 100vw, 2560px\" \/><\/figure><div class=\"elementor-image-box-content\"><h4 class=\"elementor-image-box-title\">Partenariat<\/h4><p class=\"elementor-image-box-description\">Notre engagement envers le partenariat est fondamental. Nous croyons en l'importance de collaborer avec divers acteurs, pour catalyser l'innovation et cr\u00e9er des solutions de sant\u00e9 plus inclusives et efficaces. Ensemble, nous ouvrons de nouvelles voies pour un changement positif et durable dans le domaine de la sant\u00e9.<\/p><\/div><\/div>\t\t\t\t<\/div>\n\t\t\t\t<\/div>\n\t\t\t\t<\/div>\n\t\t\t\t\t<\/div>\n\t\t\t\t<\/div>\n\t\t\t\t<\/div>\n\t\t","protected":false},"excerpt":{"rendered":"<p>BIENVENUE En 2026 40 ans au service de l&rsquo;informatique de sant\u00e9 Expertise et r\u00e9activit\u00e9 au service d&rsquo;une sant\u00e9 connect\u00e9e Nos solutions Gestion Hospitali\u00e8re Mise en relation Laboratoire d&rsquo;analyses AMI (1990) Progiciel de gestion int\u00e9gr\u00e9 con\u00e7u pour le recueil de l\u2019information \u00e0 la source en temps r\u00e9el. Solution enti\u00e8rement personnalis\u00e9e pour chaque \u00e9tablissement, facilitant ainsi une [&hellip;]<\/p>\n","protected":false},"author":1,"featured_media":0,"parent":0,"menu_order":0,"comment_status":"closed","ping_status":"closed","template":"elementor_header_footer","meta":{"footnotes":""},"class_list":["post-3422","page","type-page","status-publish","hentry"],"_links":{"self":[{"href":"https:\/\/www.aegle.fr\/index.php?rest_route=\/wp\/v2\/pages\/3422","targetHints":{"allow":["GET"]}}],"collection":[{"href":"https:\/\/www.aegle.fr\/index.php?rest_route=\/wp\/v2\/pages"}],"about":[{"href":"https:\/\/www.aegle.fr\/index.php?rest_route=\/wp\/v2\/types\/page"}],"author":[{"embeddable":true,"href":"https:\/\/www.aegle.fr\/index.php?rest_route=\/wp\/v2\/users\/1"}],"replies":[{"embeddable":true,"href":"https:\/\/www.aegle.fr\/index.php?rest_route=%2Fwp%2Fv2%2Fcomments&post=3422"}],"version-history":[{"count":206,"href":"https:\/\/www.aegle.fr\/index.php?rest_route=\/wp\/v2\/pages\/3422\/revisions"}],"predecessor-version":[{"id":4382,"href":"https:\/\/www.aegle.fr\/index.php?rest_route=\/wp\/v2\/pages\/3422\/revisions\/4382"}],"wp:attachment":[{"href":"https:\/\/www.aegle.fr\/index.php?rest_route=%2Fwp%2Fv2%2Fmedia&parent=3422"}],"curies":[{"name":"wp","href":"https:\/\/api.w.org\/{rel}","templated":true}]}}