{"id":3437,"date":"2024-04-05T12:05:52","date_gmt":"2024-04-05T10:05:52","guid":{"rendered":"http:\/\/aegle-site-rh9\/index.php\/about\/"},"modified":"2026-03-09T18:19:55","modified_gmt":"2026-03-09T17:19:55","slug":"a-propos","status":"publish","type":"page","link":"https:\/\/www.aegle.fr\/?page_id=3437","title":{"rendered":"\u00c0 propos"},"content":{"rendered":"\t\t<div data-elementor-type=\"wp-page\" data-elementor-id=\"3437\" class=\"elementor elementor-3437\" data-elementor-post-type=\"page\">\n\t\t\t\t<div data-marvy_enable_drop_animation=\"false\" data-marvy_enable_fancy_rotate=\"false\" data-marvy_enable_flying_object=\"false\" data-marvy_enable_ripples_animation=\"false\" data-marvy_enable_waves_animation=\"false\" data-marvy_enable_rings_animation=\"false\" data-marvy_enable_topology_animation=\"false\" data-marvy_enable_gradient_animation=\"false\" data-marvy_enable_snow_animation=\"false\" data-marvy_enable_firework_animation=\"false\" data-marvy_enable_cloud_animation=\"false\" class=\"elementor-element elementor-element-17f319df e-flex e-con-boxed e-con e-parent\" data-id=\"17f319df\" data-element_type=\"container\" data-e-type=\"container\" data-settings=\"{&quot;background_background&quot;:&quot;classic&quot;}\">\n\t\t\t\t\t<div class=\"e-con-inner\">\n\t\t<div data-marvy_enable_drop_animation=\"false\" data-marvy_enable_fancy_rotate=\"false\" data-marvy_enable_flying_object=\"false\" data-marvy_enable_ripples_animation=\"false\" data-marvy_enable_waves_animation=\"false\" data-marvy_enable_rings_animation=\"false\" data-marvy_enable_topology_animation=\"false\" data-marvy_enable_gradient_animation=\"false\" data-marvy_enable_snow_animation=\"false\" data-marvy_enable_firework_animation=\"false\" data-marvy_enable_cloud_animation=\"false\" class=\"elementor-element elementor-element-644741be e-grid e-con-boxed elementor-invisible e-con e-child\" data-id=\"644741be\" data-element_type=\"container\" data-e-type=\"container\" data-settings=\"{&quot;background_background&quot;:&quot;classic&quot;,&quot;animation&quot;:&quot;fadeInUp&quot;}\">\n\t\t\t\t\t<div class=\"e-con-inner\">\n\t\t\t\t<div class=\"elementor-element elementor-element-d28686d elementor-widget elementor-widget-heading\" data-id=\"d28686d\" data-element_type=\"widget\" data-e-type=\"widget\" data-widget_type=\"heading.default\">\n\t\t\t\t<div class=\"elementor-widget-container\">\n\t\t\t\t\t<h1 class=\"elementor-heading-title elementor-size-default\">Notre coeur de m\u00e9tier<\/h1>\t\t\t\t<\/div>\n\t\t\t\t<\/div>\n\t\t\t\t<div class=\"elementor-element elementor-element-661b8c7f elementor-widget elementor-widget-text-editor\" data-id=\"661b8c7f\" data-element_type=\"widget\" data-e-type=\"widget\" data-widget_type=\"text-editor.default\">\n\t\t\t\t<div class=\"elementor-widget-container\">\n\t\t\t\t\t\t\t\t\t<p>Fort de 40 ans d&rsquo;exp\u00e9rience en tant qu&rsquo;\u00e9diteur fran\u00e7ais de logiciels sp\u00e9cialis\u00e9s dans le domaine de la sant\u00e9, \u00c6GL\u00c9 accompagne les \u00e9tablissements m\u00e9dicaux publics et priv\u00e9s avec une expertise in\u00e9gal\u00e9e.<\/p><p>Notre solution phare, A.M.I. (Assistance M\u00e9dicale Informatis\u00e9e), est une plateforme modulaire con\u00e7ue autour de la gestion des dossiers m\u00e9dicaux des patients et de la coordination des soins. Elle r\u00e9pond de mani\u00e8re exhaustive aux besoins op\u00e9rationnels des \u00e9tablissements de sant\u00e9, englobant la gestion des rendez-vous, des urgences, des hospitalisations, du bloc op\u00e9ratoire, du suivi post-op\u00e9ratoire, de la st\u00e9rilisation, de la gestion documentaire, de la facturation, des statistiques, et bien plus encore.<\/p><p>D\u00e9ploy\u00e9e sur pr\u00e8s de 3000 postes, notre solution A.M.I. optimise quotidiennement le travail de nombreux professionnels de sant\u00e9, leur offrant un outil fiable et performant.<\/p><p>Chez \u00c6GL\u00c9, nous pla\u00e7ons nos clients au c\u0153ur de nos pr\u00e9occupations. Nos \u00e9quipes sont \u00e0 l&rsquo;\u00e9coute et fournissent conseils et assistance pour la mise en place et l&rsquo;utilisation optimale de notre solution. Structur\u00e9es autour de trois p\u00f4les de comp\u00e9tences interd\u00e9pendants, nos \u00e9quipes allient synergies et r\u00e9activit\u00e9 pour r\u00e9pondre efficacement aux besoins de nos utilisateurs.<\/p><p>D\u00e9couvrez nos solutions sur mesure et b\u00e9n\u00e9ficiez d&rsquo;un partenariat solide pour une gestion m\u00e9dicale efficiente.<\/p>\t\t\t\t\t\t\t\t<\/div>\n\t\t\t\t<\/div>\n\t\t\t\t\t<\/div>\n\t\t\t\t<\/div>\n\t\t<div data-marvy_enable_drop_animation=\"false\" data-marvy_enable_fancy_rotate=\"false\" data-marvy_enable_flying_object=\"false\" data-marvy_enable_ripples_animation=\"false\" data-marvy_enable_waves_animation=\"false\" data-marvy_enable_rings_animation=\"false\" data-marvy_enable_topology_animation=\"false\" data-marvy_enable_gradient_animation=\"false\" data-marvy_enable_snow_animation=\"false\" data-marvy_enable_firework_animation=\"false\" data-marvy_enable_cloud_animation=\"false\" class=\"elementor-element elementor-element-155b23b2 e-con-full e-flex e-con e-child\" data-id=\"155b23b2\" data-element_type=\"container\" data-e-type=\"container\">\n\t\t\t\t<div class=\"elementor-element elementor-element-28da958 elementor-widget elementor-widget-image\" data-id=\"28da958\" data-element_type=\"widget\" data-e-type=\"widget\" data-widget_type=\"image.default\">\n\t\t\t\t<div class=\"elementor-widget-container\">\n\t\t\t\t\t\t\t\t\t\t\t\t\t\t\t<img fetchpriority=\"high\" decoding=\"async\" width=\"2560\" height=\"1923\" src=\"https:\/\/www.aegle.fr\/wp-content\/uploads\/2024\/04\/AdobeStock_532171117-scaled.jpeg\" class=\"attachment-full size-full wp-image-3605\" alt=\"\" srcset=\"https:\/\/www.aegle.fr\/wp-content\/uploads\/2024\/04\/AdobeStock_532171117-scaled.jpeg 2560w, https:\/\/www.aegle.fr\/wp-content\/uploads\/2024\/04\/AdobeStock_532171117-300x225.jpeg 300w, https:\/\/www.aegle.fr\/wp-content\/uploads\/2024\/04\/AdobeStock_532171117-1024x769.jpeg 1024w, https:\/\/www.aegle.fr\/wp-content\/uploads\/2024\/04\/AdobeStock_532171117-768x577.jpeg 768w, https:\/\/www.aegle.fr\/wp-content\/uploads\/2024\/04\/AdobeStock_532171117-1536x1154.jpeg 1536w, https:\/\/www.aegle.fr\/wp-content\/uploads\/2024\/04\/AdobeStock_532171117-2048x1538.jpeg 2048w\" sizes=\"(max-width: 2560px) 100vw, 2560px\" \/>\t\t\t\t\t\t\t\t\t\t\t\t\t\t\t<\/div>\n\t\t\t\t<\/div>\n\t\t\t\t<\/div>\n\t\t\t\t\t<\/div>\n\t\t\t\t<\/div>\n\t\t<div data-marvy_enable_drop_animation=\"false\" data-marvy_enable_fancy_rotate=\"false\" data-marvy_enable_flying_object=\"false\" data-marvy_enable_ripples_animation=\"false\" data-marvy_enable_waves_animation=\"false\" data-marvy_enable_rings_animation=\"false\" data-marvy_enable_topology_animation=\"false\" data-marvy_enable_gradient_animation=\"false\" data-marvy_enable_snow_animation=\"false\" data-marvy_enable_firework_animation=\"false\" data-marvy_enable_cloud_animation=\"false\" class=\"elementor-element elementor-element-1dca2a6 e-flex e-con-boxed e-con e-parent\" data-id=\"1dca2a6\" data-element_type=\"container\" data-e-type=\"container\" data-settings=\"{&quot;background_background&quot;:&quot;classic&quot;}\">\n\t\t\t\t\t<div class=\"e-con-inner\">\n\t\t<div data-marvy_enable_drop_animation=\"false\" data-marvy_enable_fancy_rotate=\"false\" data-marvy_enable_flying_object=\"false\" data-marvy_enable_ripples_animation=\"false\" data-marvy_enable_waves_animation=\"false\" data-marvy_enable_rings_animation=\"false\" data-marvy_enable_topology_animation=\"false\" data-marvy_enable_gradient_animation=\"false\" data-marvy_enable_snow_animation=\"false\" data-marvy_enable_firework_animation=\"false\" data-marvy_enable_cloud_animation=\"false\" class=\"elementor-element elementor-element-8c50757 e-grid e-con-boxed elementor-invisible e-con e-child\" data-id=\"8c50757\" data-element_type=\"container\" data-e-type=\"container\" data-settings=\"{&quot;background_background&quot;:&quot;classic&quot;,&quot;animation&quot;:&quot;fadeInUp&quot;}\">\n\t\t\t\t\t<div class=\"e-con-inner\">\n\t\t\t\t<div class=\"elementor-element elementor-element-230eb2e elementor-widget elementor-widget-heading\" data-id=\"230eb2e\" data-element_type=\"widget\" data-e-type=\"widget\" data-widget_type=\"heading.default\">\n\t\t\t\t<div class=\"elementor-widget-container\">\n\t\t\t\t\t<h1 class=\"elementor-heading-title elementor-size-default\">L'avenir<\/h1>\t\t\t\t<\/div>\n\t\t\t\t<\/div>\n\t\t\t\t<div class=\"elementor-element elementor-element-66255ae elementor-widget elementor-widget-text-editor\" data-id=\"66255ae\" data-element_type=\"widget\" data-e-type=\"widget\" data-widget_type=\"text-editor.default\">\n\t\t\t\t<div class=\"elementor-widget-container\">\n\t\t\t\t\t\t\t\t\t<p>Chez \u00c6GL\u00c9, notre vision de l&rsquo;avenir est guid\u00e9e par l&rsquo;innovation, l&rsquo;expansion internationale et le potentiel transformateur de l&rsquo;IA.<\/p><p>Nous aspirons \u00e0 \u00e9tendre notre pr\u00e9sence \u00e0 l&rsquo;international, afin d&rsquo;offrir nos solutions innovantes \u00e0 un plus grand nombre d&rsquo;\u00e9tablissements de sant\u00e9 \u00e0 travers le monde. Nous croyons fermement que chaque patient m\u00e9rite les meilleurs soins et que nos technologies peuvent contribuer \u00e0 am\u00e9liorer les syst\u00e8mes de sant\u00e9 \u00e0 l&rsquo;\u00e9chelle mondiale.<\/p><p>Nous sommes convaincus que l&rsquo;IA peut r\u00e9volutionner la m\u00e9decine en permettant des diagnostics plus pr\u00e9cis, une prise en charge personnalis\u00e9e et une gestion plus efficace des ressources m\u00e9dicales.<\/p><p>En embrassant ces avanc\u00e9es technologiques et en continuant d&rsquo;innover, nous sommes d\u00e9termin\u00e9s \u00e0 fa\u00e7onner un avenir o\u00f9 la sant\u00e9 est accessible \u00e0 tous, o\u00f9 les soins sont de qualit\u00e9 sup\u00e9rieure et o\u00f9 les professionnels de sant\u00e9 disposent des outils les plus avanc\u00e9s pour accomplir leur mission.<\/p><p>Rejoignez-nous dans cette vision commune d&rsquo;un avenir m\u00e9dical plus brillant et plus inclusif !<\/p>\t\t\t\t\t\t\t\t<\/div>\n\t\t\t\t<\/div>\n\t\t\t\t\t<\/div>\n\t\t\t\t<\/div>\n\t\t<div data-marvy_enable_drop_animation=\"false\" data-marvy_enable_fancy_rotate=\"false\" data-marvy_enable_flying_object=\"false\" data-marvy_enable_ripples_animation=\"false\" data-marvy_enable_waves_animation=\"false\" data-marvy_enable_rings_animation=\"false\" data-marvy_enable_topology_animation=\"false\" data-marvy_enable_gradient_animation=\"false\" data-marvy_enable_snow_animation=\"false\" data-marvy_enable_firework_animation=\"false\" data-marvy_enable_cloud_animation=\"false\" class=\"elementor-element elementor-element-d5f431f e-con-full e-flex e-con e-child\" data-id=\"d5f431f\" data-element_type=\"container\" data-e-type=\"container\">\n\t\t\t\t<div class=\"elementor-element elementor-element-e4d4709 elementor-widget elementor-widget-image\" data-id=\"e4d4709\" data-element_type=\"widget\" data-e-type=\"widget\" data-widget_type=\"image.default\">\n\t\t\t\t<div class=\"elementor-widget-container\">\n\t\t\t\t\t\t\t\t\t\t\t\t\t\t\t<img decoding=\"async\" width=\"2560\" height=\"1600\" src=\"https:\/\/www.aegle.fr\/wp-content\/uploads\/2024\/04\/ai-with-artificial-intelligence-concept-background-3d-rendering-3d-illustration-scaled.jpg\" class=\"attachment-full size-full wp-image-3655\" alt=\"\" srcset=\"https:\/\/www.aegle.fr\/wp-content\/uploads\/2024\/04\/ai-with-artificial-intelligence-concept-background-3d-rendering-3d-illustration-scaled.jpg 2560w, https:\/\/www.aegle.fr\/wp-content\/uploads\/2024\/04\/ai-with-artificial-intelligence-concept-background-3d-rendering-3d-illustration-300x188.jpg 300w, https:\/\/www.aegle.fr\/wp-content\/uploads\/2024\/04\/ai-with-artificial-intelligence-concept-background-3d-rendering-3d-illustration-1024x640.jpg 1024w, https:\/\/www.aegle.fr\/wp-content\/uploads\/2024\/04\/ai-with-artificial-intelligence-concept-background-3d-rendering-3d-illustration-768x480.jpg 768w, https:\/\/www.aegle.fr\/wp-content\/uploads\/2024\/04\/ai-with-artificial-intelligence-concept-background-3d-rendering-3d-illustration-1536x960.jpg 1536w, https:\/\/www.aegle.fr\/wp-content\/uploads\/2024\/04\/ai-with-artificial-intelligence-concept-background-3d-rendering-3d-illustration-2048x1280.jpg 2048w\" sizes=\"(max-width: 2560px) 100vw, 2560px\" \/>\t\t\t\t\t\t\t\t\t\t\t\t\t\t\t<\/div>\n\t\t\t\t<\/div>\n\t\t\t\t<\/div>\n\t\t\t\t\t<\/div>\n\t\t\t\t<\/div>\n\t\t<div data-marvy_enable_drop_animation=\"false\" data-marvy_enable_fancy_rotate=\"false\" data-marvy_enable_flying_object=\"false\" data-marvy_enable_ripples_animation=\"false\" data-marvy_enable_waves_animation=\"false\" data-marvy_enable_rings_animation=\"false\" data-marvy_enable_topology_animation=\"false\" data-marvy_enable_gradient_animation=\"false\" data-marvy_enable_snow_animation=\"false\" data-marvy_enable_firework_animation=\"false\" data-marvy_enable_cloud_animation=\"false\" class=\"elementor-element elementor-element-7ab7bb4 e-flex e-con-boxed e-con e-parent\" data-id=\"7ab7bb4\" data-element_type=\"container\" data-e-type=\"container\">\n\t\t\t\t\t<div class=\"e-con-inner\">\n\t\t<div data-marvy_enable_drop_animation=\"false\" data-marvy_enable_fancy_rotate=\"false\" data-marvy_enable_flying_object=\"false\" data-marvy_enable_ripples_animation=\"false\" data-marvy_enable_waves_animation=\"false\" data-marvy_enable_rings_animation=\"false\" data-marvy_enable_topology_animation=\"false\" data-marvy_enable_gradient_animation=\"false\" data-marvy_enable_snow_animation=\"false\" data-marvy_enable_firework_animation=\"false\" data-marvy_enable_cloud_animation=\"false\" class=\"elementor-element elementor-element-0d6f278 e-con-full e-flex e-con e-child\" data-id=\"0d6f278\" data-element_type=\"container\" data-e-type=\"container\">\n\t\t\t\t<div class=\"elementor-element elementor-element-1e3644b elementor-widget elementor-widget-image\" data-id=\"1e3644b\" data-element_type=\"widget\" data-e-type=\"widget\" data-widget_type=\"image.default\">\n\t\t\t\t<div class=\"elementor-widget-container\">\n\t\t\t\t\t\t\t\t\t\t\t\t\t\t\t<img decoding=\"async\" width=\"300\" height=\"181\" src=\"https:\/\/www.aegle.fr\/wp-content\/uploads\/2026\/03\/SOCOTEC-Certification-Mark_ISO-9001-Horizontal-CMYK-FR-300x181.png\" class=\"attachment-medium size-medium wp-image-4296\" alt=\"\" srcset=\"https:\/\/www.aegle.fr\/wp-content\/uploads\/2026\/03\/SOCOTEC-Certification-Mark_ISO-9001-Horizontal-CMYK-FR-300x181.png 300w, https:\/\/www.aegle.fr\/wp-content\/uploads\/2026\/03\/SOCOTEC-Certification-Mark_ISO-9001-Horizontal-CMYK-FR-1024x618.png 1024w, https:\/\/www.aegle.fr\/wp-content\/uploads\/2026\/03\/SOCOTEC-Certification-Mark_ISO-9001-Horizontal-CMYK-FR-768x463.png 768w, https:\/\/www.aegle.fr\/wp-content\/uploads\/2026\/03\/SOCOTEC-Certification-Mark_ISO-9001-Horizontal-CMYK-FR-1536x926.png 1536w, https:\/\/www.aegle.fr\/wp-content\/uploads\/2026\/03\/SOCOTEC-Certification-Mark_ISO-9001-Horizontal-CMYK-FR-2048x1235.png 2048w\" sizes=\"(max-width: 300px) 100vw, 300px\" \/>\t\t\t\t\t\t\t\t\t\t\t\t\t\t\t<\/div>\n\t\t\t\t<\/div>\n\t\t\t\t<\/div>\n\t\t\t\t\t<\/div>\n\t\t\t\t<\/div>\n\t\t<div data-marvy_enable_drop_animation=\"false\" data-marvy_enable_fancy_rotate=\"false\" data-marvy_enable_flying_object=\"false\" data-marvy_enable_ripples_animation=\"false\" data-marvy_enable_waves_animation=\"false\" data-marvy_enable_rings_animation=\"false\" data-marvy_enable_topology_animation=\"false\" data-marvy_enable_gradient_animation=\"false\" data-marvy_enable_snow_animation=\"false\" data-marvy_enable_firework_animation=\"false\" data-marvy_enable_cloud_animation=\"false\" class=\"elementor-element elementor-element-6ad6cc5 e-flex e-con-boxed e-con e-parent\" data-id=\"6ad6cc5\" data-element_type=\"container\" data-e-type=\"container\">\n\t\t\t\t\t<div class=\"e-con-inner\">\n\t\t<div data-marvy_enable_drop_animation=\"false\" data-marvy_enable_fancy_rotate=\"false\" data-marvy_enable_flying_object=\"false\" data-marvy_enable_ripples_animation=\"false\" data-marvy_enable_waves_animation=\"false\" data-marvy_enable_rings_animation=\"false\" data-marvy_enable_topology_animation=\"false\" data-marvy_enable_gradient_animation=\"false\" data-marvy_enable_snow_animation=\"false\" data-marvy_enable_firework_animation=\"false\" data-marvy_enable_cloud_animation=\"false\" class=\"elementor-element elementor-element-ff14d7d e-grid e-con-boxed elementor-invisible e-con e-child\" data-id=\"ff14d7d\" data-element_type=\"container\" data-e-type=\"container\" data-settings=\"{&quot;background_background&quot;:&quot;classic&quot;,&quot;animation&quot;:&quot;fadeInUp&quot;}\">\n\t\t\t\t\t<div class=\"e-con-inner\">\n\t\t\t\t<div class=\"elementor-element elementor-element-c28442c elementor-widget elementor-widget-text-editor\" data-id=\"c28442c\" data-element_type=\"widget\" data-e-type=\"widget\" data-widget_type=\"text-editor.default\">\n\t\t\t\t<div class=\"elementor-widget-container\">\n\t\t\t\t\t\t\t\t\t<p data-start=\"867\" data-end=\"1125\">\u00c6GL\u00c9 dispose d\u2019un <strong data-start=\"885\" data-end=\"942\">syst\u00e8me de management de la qualit\u00e9 certifi\u00e9 ISO 9001<\/strong>.<br data-start=\"943\" data-end=\"946\" \/>Cette certification internationale refl\u00e8te notre engagement permanent en faveur de la qualit\u00e9, <br \/>de l\u2019am\u00e9lioration continue et de la satisfaction de nos partenaires et utilisateurs.<\/p>\t\t\t\t\t\t\t\t<\/div>\n\t\t\t\t<\/div>\n\t\t\t\t\t<\/div>\n\t\t\t\t<\/div>\n\t\t\t\t\t<\/div>\n\t\t\t\t<\/div>\n\t\t\t\t<\/div>\n\t\t","protected":false},"excerpt":{"rendered":"<p>Notre coeur de m\u00e9tier Fort de 40 ans d&rsquo;exp\u00e9rience en tant qu&rsquo;\u00e9diteur fran\u00e7ais de logiciels sp\u00e9cialis\u00e9s dans le domaine de la sant\u00e9, \u00c6GL\u00c9 accompagne les \u00e9tablissements m\u00e9dicaux publics et priv\u00e9s avec une expertise in\u00e9gal\u00e9e. Notre solution phare, A.M.I. (Assistance M\u00e9dicale Informatis\u00e9e), est une plateforme modulaire con\u00e7ue autour de la gestion des dossiers m\u00e9dicaux des patients [&hellip;]<\/p>\n","protected":false},"author":1,"featured_media":0,"parent":0,"menu_order":0,"comment_status":"closed","ping_status":"closed","template":"elementor_header_footer","meta":{"footnotes":""},"class_list":["post-3437","page","type-page","status-publish","hentry"],"_links":{"self":[{"href":"https:\/\/www.aegle.fr\/index.php?rest_route=\/wp\/v2\/pages\/3437","targetHints":{"allow":["GET"]}}],"collection":[{"href":"https:\/\/www.aegle.fr\/index.php?rest_route=\/wp\/v2\/pages"}],"about":[{"href":"https:\/\/www.aegle.fr\/index.php?rest_route=\/wp\/v2\/types\/page"}],"author":[{"embeddable":true,"href":"https:\/\/www.aegle.fr\/index.php?rest_route=\/wp\/v2\/users\/1"}],"replies":[{"embeddable":true,"href":"https:\/\/www.aegle.fr\/index.php?rest_route=%2Fwp%2Fv2%2Fcomments&post=3437"}],"version-history":[{"count":77,"href":"https:\/\/www.aegle.fr\/index.php?rest_route=\/wp\/v2\/pages\/3437\/revisions"}],"predecessor-version":[{"id":4355,"href":"https:\/\/www.aegle.fr\/index.php?rest_route=\/wp\/v2\/pages\/3437\/revisions\/4355"}],"wp:attachment":[{"href":"https:\/\/www.aegle.fr\/index.php?rest_route=%2Fwp%2Fv2%2Fmedia&parent=3437"}],"curies":[{"name":"wp","href":"https:\/\/api.w.org\/{rel}","templated":true}]}}